f b and 55.
11
Let j(k) = 3*k**3 - 8*k**2 - 2. Let b(w) = 13*w**3 - 33*w**2 - 7. Let d(g) = 2*b(g) - 9*j(g). Let n be d(6). What is the highest common divisor of n and 36?
4
Let n(f) = f**2 - 17*f + 3. Let s be n(9). Let z be (0 - -1)*-1*s. Suppose -5*c - 10 = w - z, 2*c = -w + 23. Calculate the highest common factor of c and 4.
4
Let u = -146 + 158. What is the highest common factor of 324 and u?
12
Let v(x) = -x**2 - 9*x + 3. Let d be v(-8). Suppose 9*r = 6*r + 363. Calculate the greatest common factor of r and d.
11
Suppose 2*z - 31 = -2*h - 1, -3*h + 65 = 5*z. Let s be (-2)/(6/(-165)) + 5. What is the highest common divisor of s and z?
10
Suppose 0 = 3*p + 3*y - 15711, 4*y + 2 = 10. Calculate the highest common divisor of 15 and p.
15
Suppose -u - 3*u + 4 = -3*y, 2*y - 2*u = 0. Suppose -y*q - 29 = -73. Calculate the highest common divisor of q and 1.
1
Suppose -67*g + 12008 + 10303 = 0. What is the highest common factor of 9 and g?
9
Suppose 3*u = 18 - 3. Suppose 0 = u*c - 3 - 32. Let w = c - 5. Calculate the highest common factor of w and 16.
2
Suppose -3*z - 34 = -3*f - 13, 3*f - 2*z = 16. Suppose -2 = -f*w + 4. Let q be (w - 5) + 2 + 7. What is the greatest common divisor of q and 56?
7
Let w be (-2)/4*6*-7. Let p = 30 - 29. Suppose -4*o + p + 3 = 4*h, 4*h = 4*o - 20. What is the highest common divisor of o and w?
3
Let o(q) = 2*q**2 - 5*q. Let y be o(5). Suppose 5*r = -y + 145. Calculate the greatest common factor of r and 168.
24
Let f be (3 - -1)/((-1)/(-2)). Let c be (36/(-48))/((-6)/16). Let q be (c/(-4))/(4/(-320)). Calculate the highest common divisor of f and q.
8
Suppose -12 = 7*a - 3*a, -l + 673 = 5*a. What is the greatest common divisor of 16 and l?
16
Let c(x) = 19*x**3 + x**2 - 2. Let j be c(1). Let n = 51 - j. Calculate the highest common divisor of n and 33.
33
Suppose -599 - 1897 = -12*c. What is the greatest common factor of c and 13?
13
Let l be 8/(-20) - 7/(-5). Let r(a) = -a**2 + 12*a + 4. Let t be r(12). Let u = t + -3. Calculate the highest common factor of l and u.
1
Suppose 0 = 26*k - 7736 - 376. Calculate the greatest common divisor of 13 and k.
13
Let g(w) = -4*w**3 - 88*w**2 + 2. Let l be g(-22). What is the greatest common factor of l and 74?
2
Let o = -1457 - -1537. Suppose 3*g - 10 = 2*g. What is the greatest common factor of g and o?
10
Let h(j) = -j**3 - 32*j**2 - 54*j + 184. Let g be h(-30). Calculate the highest common factor of 452 and g.
4
Suppose 3*h - 20 = -2*h. Let c = 15 - 13. Suppose -c*j + 32 = -5*d + h, 5*j = -5*d + 140. Calculate the greatest common divisor of j and 6.
6
Let c = -7 + 13. Suppose c*h - 35 = 31. Calculate the greatest common factor of h and 1.
1
Let j = 221 - 130. Let d(k) = -k**3 - 2*k**2 - 7*k - 4. Let a be d(-3). Calculate the greatest common factor of a and j.
13
Let z(m) = -m**2 + 19*m + 62. Let w be z(17). Suppose -3*n + 47 = 11. Calculate the highest common divisor of w and n.
12
Suppose -5*g + 27 = -2*g. Let t = 12 - g. Suppose -u + 2*k + 5 = 0, -u + t*u - k - 16 = 0. What is the highest common divisor of u and 18?
9
Suppose -2*k + 4*l = -28, -4*k = k - l - 34. Let p be 928/k - (-2)/(-3). Let g = 3201 + -3187. Calculate the highest common factor of g and p.
14
Let f(r) = -4*r**3 + 2*r**2 - 30*r - 6. Let n be f(-6). What is the greatest common factor of n and 45?
15
Suppose 8 - 206 = -11*c. Calculate the highest common divisor of 369 and c.
9
Suppose 14*c = 11*c + 9. Suppose 0 = -c*a - a + 48. What is the highest common divisor of 8 and a?
4
Let a = 611 + -531. What is the highest common divisor of 208 and a?
16
Suppose 6*g + 403 = 445. What is the greatest common factor of 973 and g?
7
Suppose -6*w + 1260 = 3*w. What is the highest common factor of 20 and w?
20
Let r be ((-964)/(-3))/(34/153). What is the greatest common factor of r and 12?
6
Suppose -2*o - 4*z = 26, 2*o + 7 = -3*z - 16. Let r = -3 - o. Suppose 8*h - 92 = 3*h - r*m, m = -4*h + 67. Calculate the greatest common divisor of h and 64.
16
Let f = -89 - -38. Let o be f/(-6)*(-4)/(-2). Calculate the greatest common divisor of o and 34.
17
Suppose 0 = r - 2*t - t - 39, 3*r = -3*t + 69. Let q be (0 - 4/18) + 222/r. Calculate the highest common factor of q and 8.
8
Suppose 36 = 25*k - 19*k. Let h(b) = 9*b - 1. Let q be h(1). Suppose -2*x + q = -10. Calculate the greatest common divisor of x and k.
3
Suppose -536 = -4*v - 0*v - 2*d, 2*d + 256 = 2*v. Suppose 3 - v = 3*w. Let n be ((2 - 3) + w)/(-2). What is the greatest common divisor of 176 and n?
22
Let a(c) = 3*c - 16. Let j be a(6). Let y be (j - 1)/((-9)/(-63)). Let f(t) = 7*t + 7. Let p be f(7). Calculate the highest common factor of y and p.
7
Let m(z) = -z + 29. Let u be m(18). Suppose -2*r + 5*r + 6 = 0, -2*p + 5*r - 386 = 0. Let c be (1/2)/((-3)/p). Calculate the highest common divisor of u and c.
11
Let r be 2/2 + 1*(104 - 10). Calculate the highest common factor of r and 5.
5
Let j be (2/4)/((-12)/(-48)). Let k = 9 - j. Let m(a) = -a + 9. Let i be m(k). Calculate the highest common divisor of 6 and i.
2
Suppose 54*v - 49*v = 495. Let y = v + -72. Calculate the greatest common divisor of y and 27.
27
Let c = 193 - 38. What is the greatest common divisor of c and 62?
31
Suppose 28 = 4*v + 2*c, c - 35 = -5*v - c. Let d = 141 + -22. Calculate the highest common divisor of v and d.
7
Let s(o) be the first derivative of -o**4/4 - 7*o**3/3 + 5*o**2/2 - 6*o - 6. Let x be s(-8). Calculate the highest common divisor of x and 162.
18
Suppose 0 = -4*z + 2*z - 2*g + 12, g = -3*z + 12. Suppose z*k - 33 = 39. Let h = -136 + 352. What is the greatest common factor of k and h?
24
Suppose 248 + 112 = 12*i. Calculate the greatest common factor of 45 and i.
15
Let v be -2 + 331/5 - 3/15. Let t = -13 + v. Calculate the highest common divisor of t and 3.
3
Let r(w) = -13*w - 101. Let v be r(-11). Calculate the highest common factor of 63 and v.
21
Suppose -6 = -4*b - 4*y + 530, 268 = 2*b - 5*y. Let t = b + -108. Calculate the greatest common divisor of 65 and t.
13
Let x(k) = 2*k**2 + 40*k + 7. Let n be x(-28). What is the greatest common factor of 26 and n?
13
Let o be 241 - (77/55)/((-4)/(-20)). What is the highest common factor of 130 and o?
26
Let n be -20*(-12)/(-10)*2340/(-208). What is the highest common divisor of n and 450?
90
Suppose -5*z + 23 = -t - 8, 3*z = 15. Let o(n) = n**2 + 5*n + 14. Let g be o(t). What is the highest common factor of g and 5?
5
Suppose 22*h + 890 = n + 26*h, -4*h = 2*n - 1796. Calculate the greatest common divisor of 6 and n.
6
Let r = 628 - 609. Suppose 0 = 2*k + 6, -k - k = 3*f - 507. Calculate the greatest common divisor of f and r.
19
Let p(b) = -b**2 - 13*b + 26. Let n be p(-14). Let l be (10/14 + 1)/(n/126). Calculate the highest common divisor of 198 and l.
18
Let m = -34 - -44. Let s = 11 - m. Calculate the highest common factor of 1 and s.
1
Let w be 4/((-3)/(-54)*4). Let p = -14 - -18. Suppose 2*x = -6, 0*f - 4*x + 204 = p*f. What is the greatest common factor of f and w?
18
Let h = -6 + 20. Let o(w) be the first derivative of 3*w**2/2 - 4*w + 1. Let l be o(6). Calculate the highest common factor of h and l.
14
Let p be ((-3)/(-2) - 3)*460/(-6). Calculate the greatest common factor of 46 and p.
23
Let r = 26 - -55. Suppose 2*x - 3*v - 53 = 0, 2*x - 3*v = -x + r. Calculate the greatest common divisor of x and 4.
4
Let k be 48 - (-10 - -9)*2. Let u be (-2)/((-1)/5 - 0). Calculate the highest common divisor of u and k.
10
Let m be 2/((-38)/72 - 3/(-4)). Calculate the highest common divisor of m and 72.
9
Let f(a) = -a**3 + 13*a**2 - 11*a - 10. Let o be f(12). Suppose o*w - 5*w + 9 = 0. Suppose 4*t = 3 + 1. What is the highest common divisor of w and t?
1
Let i be (-6660)/18*(-2)/10. What is the highest common factor of i and 148?
74
Suppose 4*s - 2*s = -84. Let o = 45 + 19. Let m = s + o. What is the greatest common divisor of m and 154?
22
Let c(q) = -q**2 - 7*q - 6. Let h be c(-5). Let z = 17 + -7. Suppose 0 = -4*j - d + z, 4 + h = -j + 5*d. What is the greatest common factor of j and 1?
1
Let k(h) = -4 + 10*h + 6 + 9*h + 40*h. Let u be k(5). What is the greatest common factor of 27 and u?
27
Suppose -3*p + 38 = -130. Let y be (-530)/(-6) - 3/9. Suppose -y - p = -3*g. What is the highest common divisor of g and 120?
24
Let s be